{"id":64,"date":"2017-12-16T09:47:08","date_gmt":"2017-12-16T09:47:08","guid":{"rendered":"http:\/\/stardust-unlimited.com\/?page_id=64"},"modified":"2018-03-17T18:54:35","modified_gmt":"2018-03-17T18:54:35","slug":"front-page","status":"publish","type":"page","link":"https:\/\/stardust-unlimited.com\/?page_id=64","title":{"rendered":"Kurzinfo"},"content":{"rendered":"<h3><span style=\"color: #000000;\">In dem PDF haben wir die Informationen zu:<\/span> <span style=\"color: #800000;\">&#8220;Einsteins Tr\u00e4ume in der Schweiz&#8221;<\/span><span style=\"color: #800000;\"><span style=\"color: #000000;\">, sowie zu den Beteiligten<\/span>\u00a0<span style=\"color: #000000;\">kurz <\/span><span style=\"color: #000000;\">zusammengefa\u00dft und stellen diese so zum Ausdruck bereit.<\/span><\/span><\/h3>\n<h3><a href=\"http:\/\/stardust-unlimited.com\/wp-content\/uploads\/2018\/02\/Einsteins-Tr\u00e4ume-Kurzbeschreibung-2018-1.pdf\">Einsteins Tr\u00e4ume Kurzbeschreibung 2018<\/a><\/h3>\n<h4><span style=\"color: #ff0000;\">Die Kurzinformation f\u00fcr Schulen und Bildungseinrichtungen befindet sich als PDF im BLOG.<\/span><\/h4>\n<h4 style=\"text-align: center;\"><span style=\"color: #000080;\">Hier die Fotos und der Pressebericht von der Premiere im Klib\u00fchni Theater Chur am 6.M\u00e4rz 2018<\/span><\/h4>\n<p><img loading=\"lazy\" class=\"wp-image-625 aligncenter\" src=\"http:\/\/stardust-unlimited.com\/wp-content\/uploads\/2018\/03\/Pressefoto-2-300x200.jpg\" alt=\"\" width=\"748\" height=\"498\" srcset=\"https:\/\/stardust-unlimited.com\/wp-content\/uploads\/2018\/03\/Pressefoto-2-300x200.jpg 300w, https:\/\/stardust-unlimited.com\/wp-content\/uploads\/2018\/03\/Pressefoto-2-768x511.jpg 768w, https:\/\/stardust-unlimited.com\/wp-content\/uploads\/2018\/03\/Pressefoto-2-1024x681.jpg 1024w, https:\/\/stardust-unlimited.com\/wp-content\/uploads\/2018\/03\/Pressefoto-2-750x500.jpg 750w\" sizes=\"(max-width: 748px) 100vw, 748px\" \/><\/p>\n<p>&nbsp;<\/p>\n<p><img loading=\"lazy\" class=\"wp-image-626 aligncenter\" src=\"http:\/\/stardust-unlimited.com\/wp-content\/uploads\/2018\/03\/Pressefoto-3jpg-300x200.jpg\" alt=\"\" width=\"750\" height=\"500\" srcset=\"https:\/\/stardust-unlimited.com\/wp-content\/uploads\/2018\/03\/Pressefoto-3jpg-300x200.jpg 300w, https:\/\/stardust-unlimited.com\/wp-content\/uploads\/2018\/03\/Pressefoto-3jpg-768x511.jpg 768w, https:\/\/stardust-unlimited.com\/wp-content\/uploads\/2018\/03\/Pressefoto-3jpg-1024x682.jpg 1024w, https:\/\/stardust-unlimited.com\/wp-content\/uploads\/2018\/03\/Pressefoto-3jpg-750x500.jpg 750w\" sizes=\"(max-width: 750px) 100vw, 750px\" \/><\/p>\n<p>&nbsp;<\/p>\n<p><img loading=\"lazy\" class=\"wp-image-624 aligncenter\" src=\"http:\/\/stardust-unlimited.com\/wp-content\/uploads\/2018\/03\/Pressefoto-1--300x200.jpg\" alt=\"\" width=\"740\" height=\"494\" srcset=\"https:\/\/stardust-unlimited.com\/wp-content\/uploads\/2018\/03\/Pressefoto-1--300x200.jpg 300w, https:\/\/stardust-unlimited.com\/wp-content\/uploads\/2018\/03\/Pressefoto-1--1024x682.jpg 1024w, https:\/\/stardust-unlimited.com\/wp-content\/uploads\/2018\/03\/Pressefoto-1--750x500.jpg 750w\" sizes=\"(max-width: 740px) 100vw, 740px\" \/><\/p>\n<p>&nbsp;<\/p>\n<p><img loading=\"lazy\" class=\"wp-image-633 aligncenter\" src=\"http:\/\/stardust-unlimited.com\/wp-content\/uploads\/2018\/03\/Pressefoto-trio-300x200.jpg\" alt=\"\" width=\"745\" height=\"496\" srcset=\"https:\/\/stardust-unlimited.com\/wp-content\/uploads\/2018\/03\/Pressefoto-trio-300x200.jpg 300w, https:\/\/stardust-unlimited.com\/wp-content\/uploads\/2018\/03\/Pressefoto-trio-768x511.jpg 768w, https:\/\/stardust-unlimited.com\/wp-content\/uploads\/2018\/03\/Pressefoto-trio-1024x682.jpg 1024w, https:\/\/stardust-unlimited.com\/wp-content\/uploads\/2018\/03\/Pressefoto-trio-750x500.jpg 750w\" sizes=\"(max-width: 745px) 100vw, 745px\" \/><\/p>\n<p>mit Agnes Byland an der Violine, hier mit Einsteins Brief an ihren Grossvater Hans Byland<\/p>\n<p><span style=\"color: #000080;\">alle vier obigen Foto von Marco Hartmann<\/span><\/p>\n<p>&nbsp;<\/p>\n<h3 style=\"text-align: center;\"><a href=\"http:\/\/stardust-unlimited.com\/wp-content\/uploads\/2018\/03\/Rezension-der-Premiere-in-der-Klib\u00fchni-Chur.pdf\">Rezension der Premiere in der Klib\u00fchni Chur\u00a0\u00a0\u00a0<\/a><\/h3>\n<p style=\"text-align: center;\">bitte PDF anklicken !<\/p>\n<h4 style=\"text-align: center;\">Weitere Fotos und Impressionen von der Urauff\u00fchrung:<\/h4>\n<p><img loading=\"lazy\" class=\"wp-image-629 aligncenter\" src=\"http:\/\/stardust-unlimited.com\/wp-content\/uploads\/2018\/03\/Klib\u00fchni-Auschnitt-vorn-300x238.jpg\" alt=\"\" width=\"697\" height=\"553\" srcset=\"https:\/\/stardust-unlimited.com\/wp-content\/uploads\/2018\/03\/Klib\u00fchni-Auschnitt-vorn-300x238.jpg 300w, https:\/\/stardust-unlimited.com\/wp-content\/uploads\/2018\/03\/Klib\u00fchni-Auschnitt-vorn-768x608.jpg 768w, https:\/\/stardust-unlimited.com\/wp-content\/uploads\/2018\/03\/Klib\u00fchni-Auschnitt-vorn-1024x811.jpg 1024w\" sizes=\"(max-width: 697px) 100vw, 697px\" \/><\/p>\n<p>&nbsp;<\/p>\n<p><img loading=\"lazy\" class=\"wp-image-628 aligncenter\" src=\"http:\/\/stardust-unlimited.com\/wp-content\/uploads\/2018\/03\/Klib\u00fchni-good-one-300x228.jpg\" alt=\"\" width=\"698\" height=\"530\" srcset=\"https:\/\/stardust-unlimited.com\/wp-content\/uploads\/2018\/03\/Klib\u00fchni-good-one-300x228.jpg 300w, https:\/\/stardust-unlimited.com\/wp-content\/uploads\/2018\/03\/Klib\u00fchni-good-one-768x583.jpg 768w, https:\/\/stardust-unlimited.com\/wp-content\/uploads\/2018\/03\/Klib\u00fchni-good-one-1024x778.jpg 1024w\" sizes=\"(max-width: 698px) 100vw, 698px\" \/><\/p>\n<p>&nbsp;<\/p>\n<h4 style=\"text-align: center;\">Das Klib\u00fchni Theater Chur<\/h4>\n<p><img loading=\"lazy\" class=\"wp-image-634 aligncenter\" src=\"http:\/\/stardust-unlimited.com\/wp-content\/uploads\/2018\/03\/Schild-Klib\u00fchni-e1521298302737-225x300.jpg\" alt=\"\" width=\"563\" height=\"751\" srcset=\"https:\/\/stardust-unlimited.com\/wp-content\/uploads\/2018\/03\/Schild-Klib\u00fchni-e1521298302737-225x300.jpg 225w, https:\/\/stardust-unlimited.com\/wp-content\/uploads\/2018\/03\/Schild-Klib\u00fchni-e1521298302737-768x1024.jpg 768w\" sizes=\"(max-width: 563px) 100vw, 563px\" \/><\/p>\n<p style=\"text-align: center;\">Theater seit 1974 im Zunfthaus der Schneider von 1602 und davor !!!<\/p>\n<p><img loading=\"lazy\" class=\"wp-image-640 aligncenter\" src=\"http:\/\/stardust-unlimited.com\/wp-content\/uploads\/2018\/03\/Klib\u00fchni-ChurJPG-300x225.jpg\" alt=\"\" width=\"568\" height=\"426\" srcset=\"https:\/\/stardust-unlimited.com\/wp-content\/uploads\/2018\/03\/Klib\u00fchni-ChurJPG-300x225.jpg 300w, https:\/\/stardust-unlimited.com\/wp-content\/uploads\/2018\/03\/Klib\u00fchni-ChurJPG-768x576.jpg 768w, https:\/\/stardust-unlimited.com\/wp-content\/uploads\/2018\/03\/Klib\u00fchni-ChurJPG-1024x768.jpg 1024w\" sizes=\"(max-width: 568px) 100vw, 568px\" \/><\/p>\n<p>&nbsp;<\/p>\n<p><img loading=\"lazy\" class=\"wp-image-639 aligncenter\" src=\"http:\/\/stardust-unlimited.com\/wp-content\/uploads\/2018\/03\/KLib\u00fchni-Zunftstube-300x225.jpg\" alt=\"\" width=\"570\" height=\"427\" srcset=\"https:\/\/stardust-unlimited.com\/wp-content\/uploads\/2018\/03\/KLib\u00fchni-Zunftstube-300x225.jpg 300w, https:\/\/stardust-unlimited.com\/wp-content\/uploads\/2018\/03\/KLib\u00fchni-Zunftstube-768x576.jpg 768w, https:\/\/stardust-unlimited.com\/wp-content\/uploads\/2018\/03\/KLib\u00fchni-Zunftstube-1024x768.jpg 1024w\" sizes=\"(max-width: 570px) 100vw, 570px\" \/><\/p>\n<p style=\"text-align: center;\">Vor der Premiere- die Zunftstube ist zum Eidgen\u00f6ssischen Amt f\u00fcr geistiges Eigentum geworden.<\/p>\n<p><img loading=\"lazy\" class=\"wp-image-642 aligncenter\" src=\"http:\/\/stardust-unlimited.com\/wp-content\/uploads\/2018\/03\/Klib\u00fchni-Blick-aus-dem-Fenster-der-Zunftstube-e1521298838521-225x300.jpg\" alt=\"\" width=\"573\" height=\"764\" srcset=\"https:\/\/stardust-unlimited.com\/wp-content\/uploads\/2018\/03\/Klib\u00fchni-Blick-aus-dem-Fenster-der-Zunftstube-e1521298838521-225x300.jpg 225w, https:\/\/stardust-unlimited.com\/wp-content\/uploads\/2018\/03\/Klib\u00fchni-Blick-aus-dem-Fenster-der-Zunftstube-e1521298838521-768x1024.jpg 768w\" sizes=\"(max-width: 573px) 100vw, 573px\" \/><\/p>\n<p style=\"text-align: center;\">Blick aus dem Fenster der Zunftstube ( des Theatersaals )<\/p>\n<p>&nbsp;<\/p>\n<p><img loading=\"lazy\" class=\"wp-image-632 aligncenter\" src=\"http:\/\/stardust-unlimited.com\/wp-content\/uploads\/2018\/03\/Klib\u00fchni-Backstage-300x225.jpg\" alt=\"\" width=\"582\" height=\"436\" srcset=\"https:\/\/stardust-unlimited.com\/wp-content\/uploads\/2018\/03\/Klib\u00fchni-Backstage-300x225.jpg 300w, https:\/\/stardust-unlimited.com\/wp-content\/uploads\/2018\/03\/Klib\u00fchni-Backstage-768x576.jpg 768w, https:\/\/stardust-unlimited.com\/wp-content\/uploads\/2018\/03\/Klib\u00fchni-Backstage-1024x768.jpg 1024w\" sizes=\"(max-width: 582px) 100vw, 582px\" \/><\/p>\n<p style=\"text-align: center;\">Blick von Backstage mit Notenpult von Agnes Byland<\/p>\n<p>&nbsp;<\/p>\n<h5 style=\"text-align: center;\">Impressionen von der Vorauff\u00fchrung im Kulm Hotel Arosa &#8211; Panoramasaal<\/h5>\n<p><img loading=\"lazy\" class=\"wp-image-637 aligncenter\" src=\"http:\/\/stardust-unlimited.com\/wp-content\/uploads\/2018\/03\/Kulmhotel-Arosa-vor-der-Vorpremie-300x225.jpg\" alt=\"\" width=\"641\" height=\"481\" srcset=\"https:\/\/stardust-unlimited.com\/wp-content\/uploads\/2018\/03\/Kulmhotel-Arosa-vor-der-Vorpremie-300x225.jpg 300w, https:\/\/stardust-unlimited.com\/wp-content\/uploads\/2018\/03\/Kulmhotel-Arosa-vor-der-Vorpremie-768x576.jpg 768w, https:\/\/stardust-unlimited.com\/wp-content\/uploads\/2018\/03\/Kulmhotel-Arosa-vor-der-Vorpremie-1024x768.jpg 1024w, https:\/\/stardust-unlimited.com\/wp-content\/uploads\/2018\/03\/Kulmhotel-Arosa-vor-der-Vorpremie.jpg 1600w\" sizes=\"(max-width: 641px) 100vw, 641px\" \/><\/p>\n<p>&nbsp;<\/p>\n<p><img loading=\"lazy\" class=\" wp-image-643 aligncenter\" src=\"http:\/\/stardust-unlimited.com\/wp-content\/uploads\/2018\/03\/G\u00e4stebuch-Kulm-Hotel-Arosa-300x225.jpg\" alt=\"\" width=\"483\" height=\"362\" srcset=\"https:\/\/stardust-unlimited.com\/wp-content\/uploads\/2018\/03\/G\u00e4stebuch-Kulm-Hotel-Arosa-300x225.jpg 300w, https:\/\/stardust-unlimited.com\/wp-content\/uploads\/2018\/03\/G\u00e4stebuch-Kulm-Hotel-Arosa-768x576.jpg 768w, https:\/\/stardust-unlimited.com\/wp-content\/uploads\/2018\/03\/G\u00e4stebuch-Kulm-Hotel-Arosa-1024x768.jpg 1024w\" sizes=\"(max-width: 483px) 100vw, 483px\" \/><\/p>\n<p>&nbsp;<\/p>\n<p><img loading=\"lazy\" class=\"wp-image-635 aligncenter\" src=\"http:\/\/stardust-unlimited.com\/wp-content\/uploads\/2018\/03\/R\u00e4thische-Einsenbahn-nach-der-Vorstellung-202x300.jpg\" alt=\"\" width=\"364\" height=\"541\" srcset=\"https:\/\/stardust-unlimited.com\/wp-content\/uploads\/2018\/03\/R\u00e4thische-Einsenbahn-nach-der-Vorstellung-202x300.jpg 202w, https:\/\/stardust-unlimited.com\/wp-content\/uploads\/2018\/03\/R\u00e4thische-Einsenbahn-nach-der-Vorstellung.jpg 558w\" sizes=\"(max-width: 364px) 100vw, 364px\" \/><\/p>\n<p>&nbsp;<\/p>\n<h4 style=\"text-align: center;\"><span style=\"color: #333399;\">Impressionen von der Vorpremiere am 10. Februar 2018 in der PalmArtPress, Berlin<\/span><\/h4>\n<p><img loading=\"lazy\" class=\" wp-image-546 aligncenter\" src=\"http:\/\/stardust-unlimited.com\/wp-content\/uploads\/2018\/02\/Vor-der-VorpremierePalmartpress-Foto-Catharine-J-Nicely-1-e1519081511720-300x225.jpg\" alt=\"\" width=\"686\" height=\"514\" srcset=\"https:\/\/stardust-unlimited.com\/wp-content\/uploads\/2018\/02\/Vor-der-VorpremierePalmartpress-Foto-Catharine-J-Nicely-1-e1519081511720-300x225.jpg 300w, https:\/\/stardust-unlimited.com\/wp-content\/uploads\/2018\/02\/Vor-der-VorpremierePalmartpress-Foto-Catharine-J-Nicely-1-e1519081511720-768x576.jpg 768w, https:\/\/stardust-unlimited.com\/wp-content\/uploads\/2018\/02\/Vor-der-VorpremierePalmartpress-Foto-Catharine-J-Nicely-1-e1519081511720-1024x768.jpg 1024w\" sizes=\"(max-width: 686px) 100vw, 686px\" \/><\/p>\n<p>&nbsp;<\/p>\n<p><img loading=\"lazy\" class=\" wp-image-553 aligncenter\" src=\"http:\/\/stardust-unlimited.com\/wp-content\/uploads\/2018\/02\/Palmartpress-E.T.-master-4-e1519081889929-300x225.jpg\" alt=\"\" width=\"692\" height=\"519\" srcset=\"https:\/\/stardust-unlimited.com\/wp-content\/uploads\/2018\/02\/Palmartpress-E.T.-master-4-e1519081889929-300x225.jpg 300w, https:\/\/stardust-unlimited.com\/wp-content\/uploads\/2018\/02\/Palmartpress-E.T.-master-4-e1519081889929-768x576.jpg 768w, https:\/\/stardust-unlimited.com\/wp-content\/uploads\/2018\/02\/Palmartpress-E.T.-master-4-e1519081889929-1024x768.jpg 1024w\" sizes=\"(max-width: 692px) 100vw, 692px\" \/><\/p>\n<p>&nbsp;<\/p>\n<p>&nbsp;<\/p>\n<p><img loading=\"lazy\" class=\"wp-image-558 aligncenter\" src=\"http:\/\/stardust-unlimited.com\/wp-content\/uploads\/2018\/02\/Albert-vor-seinem-Schreibtisch-Hartmann-2-300x229.jpg\" alt=\"\" width=\"699\" height=\"533\" srcset=\"https:\/\/stardust-unlimited.com\/wp-content\/uploads\/2018\/02\/Albert-vor-seinem-Schreibtisch-Hartmann-2-300x229.jpg 300w, https:\/\/stardust-unlimited.com\/wp-content\/uploads\/2018\/02\/Albert-vor-seinem-Schreibtisch-Hartmann-2-768x587.jpg 768w, https:\/\/stardust-unlimited.com\/wp-content\/uploads\/2018\/02\/Albert-vor-seinem-Schreibtisch-Hartmann-2-1024x783.jpg 1024w\" sizes=\"(max-width: 699px) 100vw, 699px\" \/><\/p>\n<p>&nbsp;<\/p>\n<p><img loading=\"lazy\" class=\" wp-image-556 aligncenter\" src=\"http:\/\/stardust-unlimited.com\/wp-content\/uploads\/2018\/02\/Einstein-Gitarre-Master-KlattJPG-300x200.jpg\" alt=\"\" width=\"699\" height=\"466\" srcset=\"https:\/\/stardust-unlimited.com\/wp-content\/uploads\/2018\/02\/Einstein-Gitarre-Master-KlattJPG-300x200.jpg 300w, https:\/\/stardust-unlimited.com\/wp-content\/uploads\/2018\/02\/Einstein-Gitarre-Master-KlattJPG-768x512.jpg 768w, https:\/\/stardust-unlimited.com\/wp-content\/uploads\/2018\/02\/Einstein-Gitarre-Master-KlattJPG-1024x683.jpg 1024w, https:\/\/stardust-unlimited.com\/wp-content\/uploads\/2018\/02\/Einstein-Gitarre-Master-KlattJPG-750x500.jpg 750w\" sizes=\"(max-width: 699px) 100vw, 699px\" \/><\/p>\n<p>&nbsp;<\/p>\n<p><img loading=\"lazy\" class=\" wp-image-550 aligncenter\" src=\"http:\/\/stardust-unlimited.com\/wp-content\/uploads\/2018\/02\/Einstein-Besso-Palmart-close-unscharf-Klatt-e1519081728669-200x300.jpg\" alt=\"\" width=\"371\" height=\"557\" srcset=\"https:\/\/stardust-unlimited.com\/wp-content\/uploads\/2018\/02\/Einstein-Besso-Palmart-close-unscharf-Klatt-e1519081728669-200x300.jpg 200w, https:\/\/stardust-unlimited.com\/wp-content\/uploads\/2018\/02\/Einstein-Besso-Palmart-close-unscharf-Klatt-e1519081728669-768x1152.jpg 768w, https:\/\/stardust-unlimited.com\/wp-content\/uploads\/2018\/02\/Einstein-Besso-Palmart-close-unscharf-Klatt-e1519081728669-683x1024.jpg 683w\" sizes=\"(max-width: 371px) 100vw, 371px\" \/><\/p>\n<p>&nbsp;<\/p>\n<p><img loading=\"lazy\" class=\" wp-image-547 aligncenter\" src=\"http:\/\/stardust-unlimited.com\/wp-content\/uploads\/2018\/02\/Jesse-Garon-Einstein-nah-vor-schreibtisch-Vorpremiere-klatt-300x200.jpg\" alt=\"\" width=\"652\" height=\"434\" srcset=\"https:\/\/stardust-unlimited.com\/wp-content\/uploads\/2018\/02\/Jesse-Garon-Einstein-nah-vor-schreibtisch-Vorpremiere-klatt-300x200.jpg 300w, https:\/\/stardust-unlimited.com\/wp-content\/uploads\/2018\/02\/Jesse-Garon-Einstein-nah-vor-schreibtisch-Vorpremiere-klatt-768x512.jpg 768w, https:\/\/stardust-unlimited.com\/wp-content\/uploads\/2018\/02\/Jesse-Garon-Einstein-nah-vor-schreibtisch-Vorpremiere-klatt-1024x683.jpg 1024w, https:\/\/stardust-unlimited.com\/wp-content\/uploads\/2018\/02\/Jesse-Garon-Einstein-nah-vor-schreibtisch-Vorpremiere-klatt-750x500.jpg 750w\" sizes=\"(max-width: 652px) 100vw, 652px\" \/><\/p>\n<p>&nbsp;<\/p>\n<p><img loading=\"lazy\" class=\" wp-image-562 aligncenter\" src=\"http:\/\/stardust-unlimited.com\/wp-content\/uploads\/2018\/02\/palmart-einstein-im-Amt-just-ok-3--300x200.jpg\" alt=\"\" width=\"628\" height=\"419\" srcset=\"https:\/\/stardust-unlimited.com\/wp-content\/uploads\/2018\/02\/palmart-einstein-im-Amt-just-ok-3--300x200.jpg 300w, https:\/\/stardust-unlimited.com\/wp-content\/uploads\/2018\/02\/palmart-einstein-im-Amt-just-ok-3--768x512.jpg 768w, https:\/\/stardust-unlimited.com\/wp-content\/uploads\/2018\/02\/palmart-einstein-im-Amt-just-ok-3--1024x683.jpg 1024w, https:\/\/stardust-unlimited.com\/wp-content\/uploads\/2018\/02\/palmart-einstein-im-Amt-just-ok-3--750x500.jpg 750w\" sizes=\"(max-width: 628px) 100vw, 628px\" \/><\/p>\n<p>&nbsp;<\/p>\n<p><img loading=\"lazy\" class=\" wp-image-561 aligncenter\" src=\"http:\/\/stardust-unlimited.com\/wp-content\/uploads\/2018\/02\/G\u00e4stebuch-Berliner-Vorpremiere-Einsteins-Tr\u00e4ume-300x225.jpg\" alt=\"\" width=\"633\" height=\"474\" srcset=\"https:\/\/stardust-unlimited.com\/wp-content\/uploads\/2018\/02\/G\u00e4stebuch-Berliner-Vorpremiere-Einsteins-Tr\u00e4ume-300x225.jpg 300w, https:\/\/stardust-unlimited.com\/wp-content\/uploads\/2018\/02\/G\u00e4stebuch-Berliner-Vorpremiere-Einsteins-Tr\u00e4ume-768x576.jpg 768w, https:\/\/stardust-unlimited.com\/wp-content\/uploads\/2018\/02\/G\u00e4stebuch-Berliner-Vorpremiere-Einsteins-Tr\u00e4ume-1024x768.jpg 1024w\" sizes=\"(max-width: 633px) 100vw, 633px\" \/><\/p>\n<h3><\/h3>\n<h3><\/h3>\n<h3 style=\"text-align: center;\"><span style=\"color: #333399;\">Pressemitteilung f\u00fcr die Urauff\u00fchrung am 6. M\u00e4rz 2018 in der Klib\u00fchni Chur ! als PDF<\/span><\/h3>\n<h3 style=\"text-align: center;\"><a href=\"http:\/\/stardust-unlimited.com\/wp-content\/uploads\/2018\/02\/Pressemitteilung-Einsteins-Tr\u00e4ume-in-der-Schweiz.pdf\">Pressemitteilung Einsteins Tr\u00e4ume in der Schweiz<\/a><\/h3>\n","protected":false},"excerpt":{"rendered":"<p>In dem PDF haben wir die Informationen zu: &#8220;Einsteins Tr\u00e4ume in der Schweiz&#8221;, sowie zu den Beteiligten\u00a0kurz zusammengefa\u00dft und stellen diese so zum Ausdruck bereit. Einsteins Tr\u00e4ume Kurzbeschreibung 2018 Die Kurzinformation f\u00fcr Schulen und Bildungseinrichtungen befindet sich als PDF im BLOG. Hier die Fotos und der Pressebericht von der Premiere im Klib\u00fchni Theater Chur am [&hellip;]<\/p>\n","protected":false},"author":1,"featured_media":0,"parent":0,"menu_order":0,"comment_status":"closed","ping_status":"closed","template":"","meta":{"_bbp_topic_count":0,"_bbp_reply_count":0,"_bbp_total_topic_count":0,"_bbp_total_reply_count":0,"_bbp_voice_count":0,"_bbp_anonymous_reply_count":0,"_bbp_topic_count_hidden":0,"_bbp_reply_count_hidden":0,"_bbp_forum_subforum_count":0},"_links":{"self":[{"href":"https:\/\/stardust-unlimited.com\/index.php?rest_route=\/wp\/v2\/pages\/64"}],"collection":[{"href":"https:\/\/stardust-unlimited.com\/index.php?rest_route=\/wp\/v2\/pages"}],"about":[{"href":"https:\/\/stardust-unlimited.com\/index.php?rest_route=\/wp\/v2\/types\/page"}],"author":[{"embeddable":true,"href":"https:\/\/stardust-unlimited.com\/index.php?rest_route=\/wp\/v2\/users\/1"}],"replies":[{"embeddable":true,"href":"https:\/\/stardust-unlimited.com\/index.php?rest_route=%2Fwp%2Fv2%2Fcomments&post=64"}],"version-history":[{"count":38,"href":"https:\/\/stardust-unlimited.com\/index.php?rest_route=\/wp\/v2\/pages\/64\/revisions"}],"predecessor-version":[{"id":695,"href":"https:\/\/stardust-unlimited.com\/index.php?rest_route=\/wp\/v2\/pages\/64\/revisions\/695"}],"wp:attachment":[{"href":"https:\/\/stardust-unlimited.com\/index.php?rest_route=%2Fwp%2Fv2%2Fmedia&parent=64"}],"curies":[{"name":"wp","href":"https:\/\/api.w.org\/{rel}","templated":true}]}}